 - -6 - 4/5. What is the remainder when -5*((-370)/l + 4) is divided by 15?
9
Let w be 3 + 0 - -7*15/5. Suppose 22*k = w*k - 38. What is the remainder when 93 is divided by k?
17
Let p = 57 - 45. Let m(a) = 4*a**2 - 6*a + 13. Calculate the remainder when m(5) is divided by p.
11
Let q(z) = -z**3 - 5*z**2 - 3*z - 16. Calculate the remainder when q(-7) is divided by 7.
5
Let z(j) be the third derivative of -1/24*j**4 + 0 + 9/2*j**3 - 3*j**2 + 0*j. What is the remainder when z(16) is divided by 3?
2
Let m(v) = v**3 - v**2 - v - 3. Let t be m(2). Let u = t + 11. Let k = 3 - -15. What is the remainder when k is divided by u?
8
Let d = 232 - 142. What is the remainder when d is divided by 47?
43
Calculate the remainder when 66 is divided by ((-1)/(-5))/((-3)/(-405)).
12
Let f(i) be the third derivative of 11*i**4/12 + i**3/3 + 11*i**2. Calculate the remainder when 92 is divided by f(1).
20
Suppose 0 = 2*u + 4*k - 66, u - 5*k + 4 - 2 = 0. What is the remainder when 34 is divided by u?
11
Suppose -152 = 3*c - b - 507, -b = -2*c + 235. Calculate the remainder when c is divided by 41.
38
Let l(f) = -4*f + 1. Let d be l(1). Let q(v) = -v**3 - v**2 - 4*v + 1. Suppose -7 = 2*r - 29. What is the remainder when q(d) is divided by r?
9
Suppose 2*w + 3*w = 2*a + 270, 3*w + 3*a = 183. Let x = w - 38. Calculate the remainder when 50 is divided by x.
14
Let i(d) = d**2 + 5*d + 3. Let m be i(-4). Let n be 4 - -3 - (-3)/m. Calculate the remainder when 12 is divided by 2 - -3 - (2 - n).
5
Let l = -602 + 681. Calculate the remainder when l is divided by 7.
2
Let j(x) = 13*x - 90. Calculate the remainder when 47 is divided by j(8).
5
Suppose -2*b - 5*x + 3*x = -168, 7*b - 2*x - 543 = 0. Calculate the remainder when b is divided by 12.
7
Let z(n) = 6 - 13*n**2 + 2*n**2 - n**3 + 7*n**2. What is the remainder when 152 is divided by z(-5)?
28
Suppose 5*h - c = c + 38, -h + 3 = -5*c. Let j be (-8)/(-10)*460/h. Suppose 10 = -2*q, -2*t + j + 54 = -4*q. Calculate the remainder when t is divided by 21.
19
Suppose 0 = -2*w + 3*i + 757 - 754, -w = i - 19. Suppose 16 = 3*r - 35. What is the remainder when r is divided by w?
5
Suppose -5*y - 5*r - 46 = -11, -5*y - 39 = 4*r. Let d = y - -20. Let h = 74 + -49. Calculate the remainder when h is divided by d.
7
Let u be 72 + (20/5)/2. Suppose 4*c = 2*b + u, -43 = -2*c - b - 4*b. Calculate the remainder when c is divided by 5.
4
What is the remainder when ((-28)/35)/(6/(-1605)) is divided by 105?
4
Let r(i) = -7*i - 7*i**2 + i**3 - 2 + 0*i**2 + 11*i. Let x = 24 - 10. What is the remainder when r(7) is divided by x?
12
Suppose 3*v = 4*u - 7*u + 159, 0 = 4*v + 12. Let n be (-17)/(-4) - 1/4. Suppose n*p = u + 12. What is the remainder when 50 is divided by p?
16
Let v = -641 + 678. Calculate the remainder when 439 is divided by v.
32
Let x(g) = 2*g**2 + 21*g - 13. Let z be x(-11). Let t = -20 - -58. What is the remainder when t is divided by -4*z/(-4)*-1*4?
6
Let i(j) = -j + 39. Calculate the remainder when i(24) is divided by 13.
2
Let f(r) = 3*r - 2. Suppose 3*i = -w + 13, -i + 19 = 20. Calculate the remainder when w is divided by f(3).
2
Let x be 8/(-6)*(-9)/6. Suppose 3*o + 2*m = 3, x*o + 5*m = 2 - 11. Suppose -o*c = 0, 2*v + c = -0*v + 22. What is the remainder when v is divided by 6?
5
Let o(m) = -m**3 + 20*m**2 - 16*m + 12. Let d be o(19). Let k = -55 + d. What is the remainder when k is divided by 6?
2
Suppose 0 = -5*c + u + 473, 500 = 4*c + 5*u + 139. What is the remainder when c is divided by 17?
9
Suppose -56 = 5*t - 3*f - 0*f, 2*t = 2*f - 24. Let n = 23 + t. Let b(g) = 7*g**2 + 3*g + 1. What is the remainder when b(-2) is divided by n?
10
Let g(k) = 3*k**3 + k**2 - k + 1. Calculate the remainder when 223/13 + (-38)/247 is divided by g(1).
1
Suppose -9 = -4*i + 39. Let t be 3/(-4)*(0 + 4). Calculate the remainder when i is divided by (t/2)/((-9)/42).
5
Let r(w) = -8 - 8 + 15 + 3*w. What is the remainder when r(2) is divided by 2?
1
Let q(j) = j - 28. Let v be q(10). Suppose 5*a + 10 + 5 = -5*l, -2*a + 1 = -5*l. What is the remainder when (2 - 3) + v/a is divided by 5?
3
Suppose 5*h + 88 - 1 = 3*q, -h = q - 13. Let w(n) = -n - 56. Let f be w(0). Calculate the remainder when 2 - 2 - (f + 1) is divided by q.
17
Calculate the remainder when -5 + -1 + 119 - (-3 + 4) is divided by 75.
37
Suppose -57*x + 380 = -52*x. Let b = x + -74. Calculate the remainder when 12 is divided by b.
0
Let j = -773 + 814. What is the remainder when 47 is divided by j?
6
Let z(p) = 7*p**2 - 15*p - 33. What is the remainder when z(-2) is divided by (-16)/6*(1 + -7)?
9
Let p be (-759)/(-46)*(-2)/(-3). Let v(o) = -o**3 + 12*o**2 - 10*o - 1. Calculate the remainder when v(p) is divided by 4/(-10) - (-128)/20.
4
Let f(x) = -3*x - 15. Let c be f(-7). Suppose c*s = 135 - 3. What is the remainder when s is divided by 10?
2
Suppose -5*u + 4*z = -5, -8*u + 10*u - 2*z = 0. Suppose -2*p + u = -p. Let c = -6 + 9. What is the remainder when p is divided by c?
2
Let v(m) = 2*m - 40. Let t be v(27). Let y(z) = 8*z - 32. Calculate the remainder when y(t) is divided by 28.
24
Suppose -9 - 1 = -r - y, -5*r + 3*y + 66 = 0. What is the remainder when 30 is divided by r?
6
Suppose 0 = -4*x + 834 + 642. Let q = x - 203. What is the remainder when q is divided by 28?
26
Let m(v) = -54*v - 5. Let g be m(-2). Calculate the remainder when g/(1 + -1 + -1 + 2) is divided by 21.
19
Suppose 15*a = 2*v + 18*a - 142, a = 2. Calculate the remainder when v is divided by 33.
2
Let h(l) = l - 9. Let v be h(9). Suppose v = -3*d - d + 8. Suppose -2*a = 3*g - 62, -4*a - d*g + 186 - 46 = 0. Calculate the remainder when a is divided by 10.
7
Suppose 901 + 2177 = 19*q. What is the remainder when q is divided by 25?
12
Let x(u) = u**3 - 3*u**2 - 4*u - 15. Calculate the remainder when 42 is divided by x(5).
12
Let z = -561 + 318. Suppose -5 + 88 = r. Calculate the remainder when r is divided by (-9)/(-12) + z/(-12).
20
Let g = -9 - -18. Let r(k) = k**2 - 8*k + 15. Let l be r(5). Let q(y) = y**2 + y + 16. Calculate the remainder when q(l) is divided by g.
7
Let w be 14 + 9 - 2*-1. Suppose -w = -0*s - s. Calculate the remainder when 47 is divided by s.
22
Suppose -8 = 4*n, 3*n - 5*n = -m + 11. Let s(v) = 5*v + 14 + 4*v + m*v - 5*v. What is the remainder when s(11) is divided by 34?
33
Suppose 4*k = -6*k + 740. What is the remainder when k is divided by 25?
24
Suppose 0 + 3 = 3*f. What is the remainder when (-65 + 6)/(0 - f) is divided by 15?
14
Let u(o) = -o**3 - 5*o**2 - o + 10. What is the remainder when 45 is divided by u(-5)?
0
Suppose 3*b - 4*j - 2 = 2, 0 = 4*b + 2*j - 20. Suppose 60 = b*g - 0*g. What is the remainder when 42 is divided by g?
12
Let x(w) = w**3 - 7*w**2 - 5*w + 11. Let y be (10/3)/(-5) - (-26)/3. What is the remainder when x(y) is divided by 9?
8
Suppose 0 = 8*k - 14*k + 156. Calculate the remainder when k is divided by 9.
8
Let z be (-70)/(-15) + (-1)/(-3). Suppose -3*o + 216 = 5*u, 4*o = -z*u + 332 - 44. What is the remainder when o is divided by 25?
22
Let k(x) = -3*x + 10. Let a be k(3). What is the remainder when 1755/52 - a/(-4) is divided by 13?
8
Suppose -5*v - 4*l + 168 = 0, 52*v = 49*v - 2*l + 102. Suppose -2*q - q = -318. Calculate the remainder when q is divided by v.
34
Let x = -21 - -30. What is the remainder when 122 is divided by x?
5
Let i = -149 - -37. What is the remainder when 33 is divided by 16/(-6)*252/i?
3
Suppose 2*l + 5*u = 65, -4*l - u + 27 = -58. What is the remainder when 215 is divided by l?
15
Suppose -p - 71 = -74. Suppose -3*l = -7*l + p*h + 69, 3*h - 6 = -l. What is the remainder when 28 is divided by l?
13
Let r = -7 + 12. Suppose 0*m + 41 = r*v + 3*m, -2*v = -2*m - 10. Let x = 14 - v. What is the remainder when 19 is divided by x?
5
Let l(f) = f**3 - 9*f**2 - 9*f - 13. Let b be l(10). What is the remainder when 9 is divided by 4 + (b + 0 - -6)?
2
Let l(w) = 23*w - 181. Calculate the remainder when 179 is divided by l(9).
23
Suppose -2*h = 3*h - 5*g - 30, 5*h + 5*g = 40. Calculate the remainder when 66 is divided by h.
3
Let c = 16 + 36. Suppose 3*k + 4*p - 3 = 0, -3*k + 2*p + p = -24. Suppose n = 2*f + 4 + 4, k*n - 70 = 4*f. Calculate the remainder when c is divided by n.
16
Suppose 2*t + c - 77 = t, -2*c + 388 = 5*t. Let a = t - 68. Calc